What is the highest common factor of 746420228 and 436?
436
What is the greatest common factor of 569191 and 23912?
427
Calculate the highest common factor of 53595136 and 96.
32
Calculate the greatest common factor of 4260 and 5221340.
1420
What is the highest common divisor of 1 and 2538364?
1
What is the highest common factor of 7096933 and 54575?
2183
Calculate the highest common factor of 58694942 and 46.
46
Calculate the highest common factor of 11283156 and 3312.
828
What is the greatest common divisor of 5200509 and 513?
57
Calculate the highest common divisor of 2640 and 2162292.
132
What is the highest common divisor of 35 and 83730633?
7
Calculate the highest common factor of 6253275 and 5160.
645
What is the highest common factor of 354046 and 25498?
418
What is the greatest common divisor of 1057 and 62054356?
1057
What is the highest common divisor of 288 and 2050794?
18
Calculate the highest common factor of 229028 and 81282.
62
What is the highest common factor of 70 and 4487546?
14
What is the highest common factor of 464 and 17162258?
58
What is the highest common divisor of 3400 and 35200?
200
Calculate the highest common factor of 9443 and 99303937.
1349
What is the greatest common divisor of 406313320 and 560?
280
Calculate the highest common factor of 35372843 and 11.
11
Calculate the greatest common divisor of 1032 and 6687704.
344
What is the highest common divisor of 585 and 126087195?
195
What is the highest common factor of 1959 and 98226872?
653
Calculate the greatest common divisor of 1005648 and 196.
28
What is the greatest common factor of 22443918 and 126?
42
What is the greatest common factor of 3739174 and 49356?
914
What is the greatest common factor of 258 and 99678?
6
What is the highest common divisor of 90 and 980631?
9
Calculate the highest common divisor of 9697580 and 180.
20
What is the greatest common factor of 344 and 49843020?
172
What is the greatest common divisor of 10670 and 1213771185?
5335
Calculate the greatest common factor of 9813 and 11766.
3
Calculate the greatest common divisor of 10210 and 7651374.
2042
Calculate the greatest common factor of 5104 and 15040850.
638
Calculate the highest common divisor of 44955 and 10687635.
1665
What is the highest common divisor of 610 and 995840?
10
Calculate the greatest common divisor of 64074 and 1822308.
1086
What is the highest common factor of 285893233 and 17?
17
Calculate the greatest common factor of 26442 and 1254708.
234
Calculate the highest common factor of 1199360 and 29840.
80
Calculate the greatest common factor of 467173 and 84.
7
What is the highest common factor of 25 and 1451575?
25
What is the highest common divisor of 1720 and 112500?
20
Calculate the highest common factor of 7946573 and 21474.
1193
What is the greatest common divisor of 22816 and 20645536?
736
What is the greatest common factor of 337542 and 10279578?
606
What is the highest common divisor of 87 and 16513673?
29
What is the greatest common factor of 4005 and 14819835?
1335
What is the greatest common factor of 776823 and 339?
3
What is the highest common divisor of 1671234 and 226560?
354
What is the highest common factor of 778972 and 2055911?
1307
What is the greatest common divisor of 6643428 and 36?
12
What is the greatest common factor of 220185 and 28755?
135
What is the highest common divisor of 4306364 and 75680?
172
What is the highest common factor of 20256495 and 30?
15
Calculate the highest common divisor of 10400 and 59968.
32
Calculate the greatest common factor of 471960 and 2419650.
1710
Calculate the highest common factor of 1077930616 and 224.
56
Calculate the highest common factor of 25799586 and 8770.
1754
Calculate the highest common divisor of 855118 and 638.
22
What is the greatest common divisor of 1519 and 3763200?
49
Calculate the greatest common factor of 48880633 and 354119.
12211
Calculate the greatest common factor of 136965 and 45222270.
5955
What is the greatest common factor of 4347747 and 29997?
909
Calculate the greatest common factor of 4186 and 1350284.
598
What is the greatest common factor of 6858252 and 261?
9
Calculate the highest common factor of 59780 and 3871060.
1220
Calculate the highest common divisor of 9049607 and 14.
7
Calculate the greatest common divisor of 117554 and 4976.
2
Calculate the greatest common factor of 76516 and 5763516.
2068
What is the greatest common factor of 25 and 33571265?
5
Calculate the greatest common divisor of 132826765 and 10.
5
What is the greatest common factor of 11701041 and 327?
327
What is the highest common factor of 573534 and 5296482?
2322
Calculate the greatest common divisor of 31414812 and 390.
78
What is the highest common divisor of 7008 and 1935376?
1168
What is the greatest common factor of 9056512 and 48?
16
What is the greatest common factor of 46640 and 472978?
22
What is the greatest common divisor of 54883146 and 72?
6
Calculate the greatest common divisor of 638029 and 110299.
49
What is the highest common divisor of 44660615 and 5?
5
Calculate the greatest common divisor of 186193 and 266784.
2779
What is the greatest common factor of 10172 and 142374941?
2543
Calculate the greatest common factor of 627909 and 1492041.
2019
Calculate the greatest common factor of 17 and 32020.
1
What is the highest common divisor of 75492976 and 13520?
2704
Calculate the highest common factor of 7270836 and 3396.
3396
What is the greatest common factor of 552040 and 1411805?
1865
What is the greatest common factor of 34996371 and 1281?
183
Calculate the highest common divisor of 8494730 and 321.
107
What is the highest common divisor of 80 and 240557792?
16
Calculate the highest common divisor of 629085756 and 24.
12
What is the greatest common divisor of 6709635 and 16605?
405
What is the highest common factor of 7 and 23018471?
7
What is the greatest common factor of 46830 and 720510?
210
What is the highest common divisor of 76 and 47828?
4
Calculate the highest common factor of 97903346 and 86.
86
What is the highest common divisor of 2387 and 64006481?
77
Calculate the greatest common divisor of 8582758 and 14761.
509
What is the greatest common factor of 624 and 8261104?
16
What is the greatest common factor of 48593206 and 282?
94
What is the greatest common divisor of 1254 and 428406?
66
What is the highest common factor of 5 and 184971605?
5
Calculate the greatest common divisor of 38967093 and 3069.
3069
Calculate the greatest common factor of 11560093 and 899071.
4261
What is the greatest common divisor of 35 and 8472415?
35
Calculate the greatest common factor of 188634 and 21158.
298
Calculate the greatest common factor of 12128 and 188.
4
What is the greatest common divisor of 11417 and 997473?
233
What is the highest common divisor of 3445 and 63180?
65
Calculate the greatest common divisor of 960 and 510352.
16
Calculate the highest common divisor of 200231460 and 135.
135
What is the highest common divisor of 48 and 25389108?
12
Calculate the greatest common factor of 20871 and 7002607.
773
What is the highest common divisor of 50582527 and 178?
89
What is the greatest common divisor of 103 and 58727098?
103
What is the greatest common divisor of 172444 and 950?
38
What is the greatest common divisor of 283 and 32897618?
283
What is the highest common divisor of 11774 and 16058054?
1682
Calculate the greatest common factor of 189053 and 868344.
97
What is the highest common factor of 4600992 and 1023?
33
Calculate the highest common divisor of 7163429 and 728.
91
What is the highest common factor of 28 and 8833852?
4
What is the greatest common divisor of 115197599 and 638?
319
What is the greatest common divisor of 32518069 and 146?
73
What is the greatest common divisor of 14976 and 60768?
288
Calculate the highest common factor of 687 and 702322161.
687
Calculate the greatest common factor of 43139 and 8037109.
241
Calculate the greatest common divisor of 83398 and 26418.
518
Calculate the highest common divisor of 1047856 and 21488.
1264
What is the highest common factor of 606998 and 11438?
14
Calculate the greatest common divisor of 1304160 and 87945.
2145
Calculate the greatest common divisor of 390 and 82652505.
195
What is the greatest common facto